7 - 201237/(-9) composite?
True
Suppose v = 146 + 329. Is ((-838)/8)/(-8 - v/(-60)) a composite number?
True
Let r(x) be the first derivative of -60*x**2 - x - 4. Let p be r(1). Let w = p + 212. Is w a prime number?
False
Suppose -5 = 9*x - 23. Is x*6/(-4)*(-2189)/33 a prime number?
True
Is (-712890)/(-14) + 16/(-48) + (-52)/(-84) a prime number?
False
Suppose -2*n - 4*u + 121002 = 0, 302449 = 5*n - 281*u + 277*u. Is n prime?
True
Suppose 0 = 3987*j - 3975*j - 649524. Is j composite?
True
Suppose 1244*t - 1249*t + 3*b = -614870, -2*t = 5*b - 245979. Is t a prime number?
False
Let h be (-1)/(-4) + 60/16. Suppose -w + 1 = 0, -h*w + 138 = 2*i - 2*w. Suppose -79 = -7*u + i. Is u composite?
True
Let y(x) = 40*x**3 - 85*x**2 - 48*x + 259. Is y(24) prime?
False
Let x(n) = 112*n**2 + 12*n + 2. Let m be x(3). Is m/(51/9 - 5) a composite number?
True
Suppose 22*m = 5*v + 17*m - 94750, v + 2*m - 18941 = 0. Is v composite?
False
Let x(m) = -3*m + 42. Let o be x(13). Suppose 2*t + o*z + 2*z = 2439, -t + 4*z = -1239. Is t a composite number?
True
Suppose r - 16 = -5. Suppose 12*f = r*f + 11. Suppose 4*b = f*b - 3647. Is b prime?
True
Suppose -4*j = 2*r - 76, 0*r + 3*r + 30 = 2*j. Let t(n) = -2*n + 59*n**2 - 5*n + 3*n - j. Is t(7) composite?
True
Let y(c) = 23*c**2 - 32*c + 238. Let u be (-13)/(91/(-35)) + (-12)/(-2). Is y(u) composite?
True
Let r(v) = -v**3 - 26*v**2 - 61*v + 23. Let c be ((-84)/(-9))/(7/(-3) + 2). Is r(c) a prime number?
True
Let g be 3/(-3 - (428/(-108) + 1)). Let p be ((-3)/(-2))/(-3) + g/(-18). Suppose 2344 = p*i - 3*u, 9*i - 4*i = -4*u + 2899. Is i composite?
True
Let c(n) = 2*n + 12. Let a be ((-3)/5)/((-8)/(-40)). Let d be c(a). Let w(l) = 22*l + 11. Is w(d) a composite number?
True
Let q be -1796*6/((-12)/10). Suppose -q = -2*m - 8*m. Suppose 5*f - 57 = m. Is f a prime number?
True
Suppose 3*a - 5*t = -5, -5*a + 3*t - 1 + 14 = 0. Suppose 0*p + a*p - 17475 = 0. Suppose -541 = 2*y - p. Is y prime?
False
Let t = -1213803 - -2288926. Is t prime?
False
Suppose 0 = -64*c + 56*c + 86128. Let i = -7 + 19. Suppose -2*j = i*j - c. Is j a composite number?
False
Suppose c - g = 710, -2*g = c - g - 702. Suppose -c - 4967 = -2*j + x, -4*x - 11336 = -4*j. Is j a prime number?
False
Let j be 1023/77 - 2/7. Let x(w) = 1 - 5*w - 3*w + j*w - 11*w + 16*w**2. Is x(18) a prime number?
True
Let l = 981039 + -406676. Is l composite?
False
Let d(x) = 23*x**3 - 3*x**2 + 13*x - 3. Let s be d(5). Suppose -n = -3*l + 2*n + s, 0 = -n + 3. Is l/5 - 4/(-20)*-2 prime?
True
Let b = -38431 + 14397. Let f = -17087 - b. Is f composite?
False
Suppose 3897 = 20*j - 823. Let s = -1394 + 2151. Suppose -j = o - s. Is o composite?
False
Suppose 10*m = 179*m - 6803118 - 14391679. Is m prime?
False
Let h(w) = 11280*w**3 + w**2 + 36*w - 66. Is h(5) a composite number?
False
Suppose 145*n - 22518823 = 48024112. Is n prime?
True
Let r(q) = 3*q**2 + q + 16842. Let j be r(0). Suppose j + 48634 = 4*f - 2*b, -2*b = 4*f - 65460. Is f composite?
True
Suppose 31 = 2*a - 69. Suppose -10*j + a = 20. Suppose j*s + 4*l = -0*s + 689, l = -3*s + 701. Is s composite?
True
Suppose 7*n + 222 = 61. Let c = n + 32. Suppose c*k - 10*k + 249 = 0. Is k composite?
True
Let d(k) = -k**3 + 10*k**2 - 8*k + 3. Let p be d(7). Suppose 92*l - 4 = p*l. Let m(t) = -22*t**3 - 2*t**2 + t + 1. Is m(l) a prime number?
True
Suppose 17279035 = 26*d + 2*d - 13809337. Is d prime?
False
Let b(n) = -n**2 + 16*n - 5. Let j be b(7). Suppose -j*k = -61*k + 285. Let q = 129 - k. Is q a prime number?
False
Let p(g) = -g**2 - g + 9. Let d be p(-3). Suppose -d*q - a - a + 6959 = 0, 5*a - 20 = 0. Is q a composite number?
True
Let w(q) = -q**2 - 20*q - 21. Let r be w(-19). Let z be 78/(-18) + r/3. Is (-1944)/(-20) + 1/z composite?
False
Suppose -f - 4*r + 3957 = -2*r, 3 = 3*r. Let q = 142 + f. Is q a prime number?
False
Let d be (-3)/(18/(-60))*1/2. Suppose 864 = 3*k + x + x, 2*k - 576 = -5*x. Suppose m - 5*m + d*g = -1087, m + 2*g = k. Is m a prime number?
False
Suppose 3*p + 3*w - 28179 = -10047, 4*p = 2*w + 24194. Let s = p - 4140. Is s prime?
True
Let h(b) = 17*b**2 + 3*b + 4. Let y be h(-2). Let p(f) = -5 - y*f - 8*f - 105*f - 3*f. Is p(-13) a composite number?
True
Let x = -312 + 2674. Let s = 5360 - x. Is s a composite number?
True
Suppose 11*h + 18 = 14*h. Suppose 16400 = h*p - 18490. Is p a prime number?
False
Suppose 4*o + 1362 - 238 = 0. Suppose 13*y + 12*y - 4802 = -24*y. Let h = y - o. Is h composite?
False
Suppose 0 = 5665*v - 5680*v + 690315. Is v prime?
True
Suppose -121*u - 2*l = -118*u - 253893, 3*l - 423154 = -5*u. Is u prime?
True
Let h(b) = -b**2 - 8*b + 5. Let m be 0 + -6 + -1 - 0. Let y be h(m). Suppose 0 = y*j - 9*j - 2757. Is j a prime number?
True
Let k = 26 + -5. Let d(i) = 12*i**2 - 3*i**2 - k*i - 7*i**2 + 14. Is d(13) composite?
False
Let d(k) = 14*k**2 + 4*k + 35. Suppose f + 4*h + 69 = 6*f, 5*h - 60 = -5*f. Is d(f) prime?
False
Let v = 685420 + -488505. Is v a composite number?
True
Let q be (-124)/(-24) + (-2)/12. Let f(r) be the third derivative of 13*r**5/60 - r**4/24 - r**3/2 + 32*r**2. Is f(q) composite?
False
Let y = 2448543 - 1464310. Is y composite?
True
Let r be 5/5 + 1*98. Let t = -57 + r. Suppose -t = -2*q + 32. Is q a composite number?
False
Let x = 5 + -66. Let o = x + -178. Let p = 416 + o. Is p a prime number?
False
Is 6/(-10) + (24663156/10 - 16) a composite number?
True
Let w(i) = 71*i**2 + 7*i + 167. Is w(19) a prime number?
True
Let x = 66 + -64. Suppose x*b = -5*b - 42. Let c(y) = 16*y**2 + 1. Is c(b) a composite number?
False
Suppose -2*z - 3*z + 3*u = 63, z = 2*u - 7. Let a = z + 22. Let q(v) = 27*v + 22. Is q(a) composite?
False
Let d(l) = -2*l**3 - 4*l**2 - 27*l + 14. Let f be d(-8). Let q = -201 + f. Is q prime?
True
Suppose -9*n = -41 - 4. Suppose 0 = -2*r + 4*b + 4462, n*b + 11155 = 12*r - 7*r. Is r prime?
False
Let x(l) = 130*l - 3. Suppose -5*y + 186 = 36. Let a = -26 + y. Is x(a) a prime number?
False
Suppose -4*u - 24*r + 707921 = -27*r, -707918 = -4*u + 2*r. Suppose -707567 = -19*l + u. Is l a prime number?
False
Suppose s + 424 - 1763 - 1220 = 0. Is s prime?
False
Suppose -8*w + 5 = 5*h - 12*w, 35 = 3*h + 4*w. Suppose 2*d - 13946 = 4*s, h*d + 0*d - 4*s - 34895 = 0. Is d composite?
False
Suppose i - 3*u - 511805 = 0, -i + 641034 - 129265 = 3*u. Is i composite?
False
Suppose 2*g - 3*c = 15, 6*g + 3*c + 9 = 7*g. Suppose -g*v + 7337 = -44365. Is v prime?
False
Suppose -2*v + 2270 = r - 5651, -4*v - r = -15839. Is v a composite number?
True
Suppose 9*t = 4*t + 5*y, y = 2*t. Suppose -8*x - 3*x + 6193 = t. Is x composite?
False
Is 3925724/14 - (-22 - 5661/(-259)) prime?
True
Let d = -51 + 50. Let m be 18/27*(d + (-1)/2). Is (542 + m)/(14/14) a composite number?
False
Let t be 7177*(-18)/9 + 2. Let d = t + 24961. Is d composite?
True
Let h(g) be the second derivative of 7*g**4/4 + g**3/2 + g**2 + 23*g. Let d be h(-1). Is ((-1779)/(-2) - 1) + 10/d a composite number?
True
Suppose 0 = -966*i + 880*i + 122948782. Is i composite?
True
Let s(c) = 218*c**2 + c. Suppose -4*l - 7 = 3*l. Let q be s(l). Suppose q = 4*n - 319. Is n a prime number?
False
Suppose 38548 + 35748 = -4*j. Let i = -5415 - j. Is i a prime number?
True
Let h(y) = -418*y**3 - y**2 + 8*y + 20. Let b(g) = 3*g**2 - 41*g - 17. Let i be b(14). Is h(i) a prime number?
True
Suppose 909*b - 843324 = 897*b. Is b a composite number?
True
Suppose -53*n + 10389263 = -22*n - 15215094. Is n a composite number?
False
Let c = -11462 + 52365. Is c a composite number?
False
Is 1343671/((1 - (-30)/18) + 25/(-15)) a prime number?
False
Suppose 4*j = -3*f + 498147, -3*f + 4*j - 253342 = -751537. Is f prime?
False
Is (21/42)/((3/60738)/1) prime?
False
Let r = 73 - 63. Let d(a) = -11 + r*a + 9*a + 15*a. Is d(9) a prime number?
False
Let m = -108 + 404. Suppose 399*l - 395*l - 4780 = 0. Let c = l - m. Is c prime?
False
Suppose 3*c + 4 = 4*c - 3*p, -c = 4*p - 4. Suppose -c*k + 19519 - 4283 = 0. Is k composite?
True
Suppose 11948 + 65369 = 86*d - 85*d. Is d composite?
False
Suppose 20 = 10*f - 0. Suppose -6 = -f*r, -l + 2*r - 1490 = -4303. Is l prime?
True
Let m = 216071 + -55854. Is m a composite number?
False
Suppose 0 = 879*n - 864*n - 736215. Is n composite?
False
Let h(j) = -j - 9. Let a be h(-9). Suppose y + o = a, y - 2*o =